462 + 95 + 1.
-15
Evaluate -2 + (784 - 805 - (-37 + 1)) + -14 + 2.
1
Calculate -28 + -7 + (0 + -1 + 1 - -2).
-33
(26 - 17) + -44 + 3 + 125
93
What is the value of 32 + 1 + -2 + 1 + 1 + (3 - 13)?
23
Evaluate (0 - -17) + (-43 - -27) + -35.
-34
Calculate (5 + -82 - 37) + 75.
-39
-10 + (3 - 6 - 10 - -19) - -15
11
What is (8 - (10 - (-4 + -8 + 7)) - 16) + 8?
-15
Calculate -39 + ((-18 - -4) + -4 + 11 + 3 - -9).
-34
Calculate 40 - 68 - ((12 - -10) + -9).
-41
Evaluate -29 + 0 + -173 + 183 - (-114 + -6).
101
(-28 - (-36 + 8 + 42)) + 86
44
What is the value of -11 - (-14 - -32 - 45)?
16
44 + (-17 - -8) + -12 + 1 + 8
32
Evaluate -5 + (10 - 53 - (5 - (-2 - -14))).
-41
What is -41 - -5 - (-24 + 39 - 10 - (-1 + -1))?
-43
Evaluate (39 - 5) + 71 + -55.
50
What is the value of -69 - ((2 - (81 - 67)) + (-1 - -17))?
-73
34 - (62 - (-6 + 50))
16
Evaluate (17 - 16 - 1 - (-4 - -12)) + -2.
-10
What is -37 + 12 + (-27 - -37 - (21 - (9 + -4)))?
-31
What is the value of (-7 - (18 - ((1 - -16) + -8))) + -4?
-20
What is 10 - (-40 + (12 - (9 - -6 - -4)))?
57
12 - (5 - 54 - -29)
32
What is the value of 1 + (23 + 2 - 34) - -78?
70
What is (1 + 17 + -138 + 134 - (4 - 5)) + 4?
19
Evaluate -14 - (1 + 4 + 93 + -87).
-25
Calculate -4 + (11 + -22 - (-2 + 9 + (0 - 15))).
-7
What is the value of (-86 - -96 - (-1 + -10 - 0)) + 2?
23
What is the value of (6 - (-2 + 0)) + (5 - 11) + (242 - 226)?
18
-11 + -37 + 62 - -4
18
What is the value of -21 + (-21 - -19 - -10) + 2 + -60 + 1?
-70
Evaluate -55 - ((3 - -6) + (-7 - (4 - 17) - 22)).
-48
Calculate (-5 - -62) + (-585 - -571).
43
(-17 + 14 - (2 + 58)) + (131 - 138)
-70
Calculate -2 + 41 - (-245 - -282).
2
Calculate -18 + 21 + (-6 + (-1 - 7) + 6 - -15).
10
What is the value of 27 + 3 - (25 - (158 - 125))?
38
What is the value of (115 - (151 - 9)) + (3 - (-2 + 4) - 2)?
-28
What is the value of (22 - -1 - -7) + (-5 - -21 - 4)?
42
What is -28 + (-8 - -19) + 8 + 36 + 32?
59
What is the value of -18 - (133 + -28 + -56)?
-67
What is the value of 16 + -25 + (-11 + 16 - 0)?
-4
-139 - 0 - (-15882 + 15856)
-113
Calculate (-19 - ((-2 - -3) + 9) - (16 - 31)) + 117.
103
What is (-37 - (12 - 43)) + 29 + -13?
10
What is the value of -13 + -17 + -18 + (80 - 18)?
14
What is -25 + (0 - 6) + 257 + -264?
-38
Calculate (23 - 3) + -8 + 13 + (10 - 89) - 5.
-59
((-26 - -57) + -20 - -26) + 25
62
Calculate (1 - 25) + 9 + -5 - ((39 - 20) + -33).
-6
Evaluate (-112 + 35 - -89) + -141.
-129
Evaluate -1 - -1 - ((-87 - -48) + 37) - 48 - -7.
-39
What is the value of -282 - -340 - (33 - 1)?
26
Calculate (-115 - (-5 - 106)) + (15 - (-4 + 2)).
13
Calculate 41 + (-2 - -1) + (-25 + -26 - -41).
30
-278 - -110 - -94 - (2 + -18)
-58
-11 - (31 + 1 + 0 + -5 - 7)
-31
Evaluate -11 + -17 - -49 - 49.
-28
Calculate -10 + (-15 - (27 - 18)) - 18.
-52
What is the value of -44 - ((-166 - -166) + -14 + -1)?
-29
Evaluate -31 - (9 - (-9 + 4 - -10) - 14).
-21
Calculate 52 - ((-36 - 21) + 32 + -12).
89
What is 9 - (1 + 1) - (-54 + -5 + (-161 - -190))?
37
What is the value of 52 - (-23 + 34 - -64)?
-23
What is 6 + (-11 - -10) + 5 + -7 + -8?
-5
What is 42 + (25 - (-31 - -57 - -4))?
37
Evaluate (0 + 1 - (-8 + 86)) + (-84 - -82).
-79
-13 + 8 + 6 - -2 - 5
-2
What is the value of (-5 + (-14 - -25) - 11) + -4 + -3?
-12
Evaluate 6 + (-4 - 3) + (-162 - -186).
23
What is (80 - 76) + (-1 - (46 - -3)) + 8 + -11?
-49
Evaluate 1 + 4 + (31 + -36 - 0) + -115 + -26.
-141
Evaluate 18 - (50 - 73) - (-1 + 2 + -5).
45
-20 + (1 - 3) - (478 + -490)
-10
Calculate 0 + (-3 - 10) - (-67 - (-107 + 67)).
14
What is 25 + -2 + 105 + -272 + 79?
-65
What is -42 - (24 + -8 - 20) - -6?
-32
Evaluate -5 + (0 - 31) - (-14 - (-39 + 21)).
-40
Evaluate (-1021 - -1045) + 2 + -11.
15
0 + -14 + -3 - 5 - (318 - 456)
116
What is (5 - (0 - (-7 - (-5 + -9)))) + -13 + -43?
-44
(-22 - 16) + (2 - 2) - (-71 - -73)
-40
Evaluate -38 - -35 - 77 - -26.
-54
(61 + 3 - (-87 + 102)) + 18 + 1
68
Evaluate 33 - (14 + -28 + 2 + 42).
3
-73 - ((-126 - -262) + -124)
-85
What is -103 + 68 + 39 + 37?
41
Evaluate 38 + (32 - 66) + (4 - (57 - 4)).
-45
What is -157 + (81 + 9 - 15)?
-82
(71 + -86 + (22 - -3) - 12) + 14
12
What is the value of 23 + 101 + -4 - 52?
68
What is (2771 - 2728) + (-1 - 65)?
-23
What is 56 - (-35 + 11 - -8 - (-3 - 8))?
61
Calculate 79 + -3 + -11 + 11 + 7 + -14.
69
What is the value of (7 - (-13 - (8 + -7))) + -16?
5
What is the value of (0 - -24) + (-1 + (7 - 6) - (115 + -120))?
29
What is the value of -511 - -488 - (4 - -5)?
-32
(-2 - 21) + (4 - 1 - (-21 - -38 - 6))
-31
What is 2 + -7 - 6 - (75 - 67)?
-19
What is the value of (9 - (19 - 14 - -169)) + 38?
-127
Calculate -26484 + 26516 - (4 - 1 - 10 - (-2 - -1)).
38
79 + (-92 - 124) + 74
-63
What is -5 + -12 + 23 - 7 - (5 + -1 + 80)?
-85
Calculate (-9 - 8) + -57 + -21 + 23.
-72
(-25 - -103) + -123 + -1 + -1
-47
Evaluate -3442 - -3351 - (-94 - 0).
3
What is (4 - (1 - (8 + 1)) - 14) + -61?
-63
What is -2 - (23 + -1 - (-108 + (77 - -137)))?
82
What is -82 + 62 - (-15 + -21)?
16
Evaluate -94 - -104 - (-23 + -1 + (11 - (11 + -4))).
30
What is 0 + -22 + (-100 - -86 - -81)?
45
Evaluate 20 + -143 + (0 - -20 - (-1 + 1)).
-103
Calculate -8 - (15 + -5 - 17 - (0 - -3 - -36)).
38
What is -9 + -18 + (-18 - -14) + 22 - (-75 + 2)?
64
What is -59 + 22 + (-4 - -4) + (-29 - -21)?
-45
What is -19 + 39 + -6 - (-6 - (-8 + 2 + -5))?
9
What is 20 + 48 - (-1 + 1) - (-16 - -9 - -11)?
64
What is the value of -12 + -7 + 52 + -5 + (-2 - -7) + 10?
43
Calculate -52 + -1 - (-4 - (-11 + 1 - -4) - 6).
-49
What is the value of -10 + 29 - (-5 + (8 - -76))?
-60
What is 2 - -57 - (7024 + -7040)?
75
What is the value of 12 - (-12 + (-12 - -26) + (-91 - (5 + -4)))?
102
What is -23 + 26 + (-26 - -8) + 23?
8
What is the value of (6 - -5) + (-22 - (-31 + 4))?
16
What is 85 + (-4 - -10) + 85 + -115?
61
37 + 8 + (12 + -1 + 75 + -100 - 9)
22
59 + -52 + 8 + -9 + -61 + 1
-54
Calculate -19 + (20 - (18 - 7)) + 4.
-6
What is the value of -5 + (-2 - -10) + (-1 - -10 - (-124 - -141))?
-5
(-1301 - -1289) + -1 + 34 + -48
-27
What is 73 - -87 - (67 - 27)?
120
Calculate -8 + (-13 + 7 - -40) - (-4 + -1).
31
Calculate 4 + (3 - (-24 + -15 + -1)).
47
Evaluate (10 - (-9 - -33 - 2)) + 23 - (31 + 1).
-21
Calculate -6 + 39 - ((28 - -38) + -35).
2
Evaluate 17 + (-106 - -53) - (-2 + -16 + -3).
-15
What is the value of (15 - 6) + (0 - (3 + 5 + 0)) - -12?
13
Calculate 3 - 5 - (345 + -354) - 1.
6
Evaluate -3 + 1 + 1 - -61 - ((909 - 297) + -602).
50
Evaluate -45 + 36 + -64 - -80.
7
Evaluate (0 - (-55 + 5 - -13)) + (1 - 0) + 4.
42
What is the value of 2 - 0 - (148 + -120)?
-26
What is the value of -111 - -1 - (-201 + (161 - -56))?
-126
Calculate (-35 - -34) + (0 - (6 - 3)) + 45.
41
What is (3 - ((-10 - -18 - 4) + 9)) + (88 - 13)?
65
Calculate (3 - 4) + -2 + -20 + -19.
-42
Evaluate 12 - (-13 + -27) - 46.
6
What is -16 + -20 + 23 - (-17 - 2) - 47?
-41
Evaluate 37 - (35 - (6 - (39 + 30))).
-61
75 - (170 + (30 - 84))
-41
Evaluate -20 + -98 + 191 - 144.
-71
Calculate -7 - 1 - (10 - (0 - (11 + -5))).
-24
Evaluate 8 - -2 - (-2 + -24 + -18).
54
95 - (-7 + -13 + 20 + 1 + -1 + 14)
81
What is 36 + -18 + (230 - 154)?
94
What is the value of -34 - ((4 + 1 - 17) + 12 - 3)?
-31
(-10 + -104 - -42) + 69
-3
14 - (17 + (15 - 13)) - (-11 + 56)
-50
What is -14 + 22 + 9 + -19 - 21?
-23
What is (2 - (0 + 0)) + 1 - 25 - (1723 - 1717)?
-28
Evaluate (2 + 8 - (-40 - -29)) + 15 - (10 - 1).
27
What is the value of (14 - (-4 - 2 - -3)) + -7 + -60?
-50
Evaluate -50 + 2 - ((-108 - -226) + -102).
-64
What is the value of 47 + -99 + 32 + 13?
-7
What is -1 - (20 + (-10 - 23)) - 17?
-5
What is the value of 0 - (9 + (-42 - -80))?
-47
What is the value of -1 + (3 - -43) - ((8 - 99) + 82)?
54
What is the value of (-12 - (-28 + 21)) + (-1 - 7) - (-78 - -19)?
46
28 - ((-7 + -1 - (30 - 28)) + 9)
29
68 - (37 + (38 - 35))
28
(321 - 755) + 447 - (90 + 2 - (0 - 0))
-79
What is the value of 313 + -405 - (20 - 163)?
51
What is the value of (17 - 74) + 75 + -45?
-27
What is 183 - (-69 + 170) - (-2 - (1 + -11))?
74
Calculate 28 + -3 - (9 - -54 - 24).
-14
Evaluate -4 + 3 + -6 - (25 - (-30 - -25)).
-37
Evaluate -95 + 15 + -7 + 108 + -94.
-73
What is the value of 50 - (7 + -94 + 134)?
3
-74 + 18 + (-5 - 12) + 10 - 3
-66
What is the value of -3 - (10 + -5 + (-13 - (-19 - -8))) - 46?
-52
Evaluate (13 - -101) + (-